
-132
Let x(i) = 5*i**3 + 28*i**2 - 13*i - 28. Give x(-6).
-22
Let k(i) = -4*i**2 - 58*i + 58. Determine k(-16).
-38
Let p(y) = 2*y**3 - 11*y**2 + 179*y - 470. Calculate p(3).
22
Let j(i) = -6*i + 400. What is j(64)?
16
Let t(u) = u**3 - 15*u**2 - 74*u + 1170. Calculate t(14).
-62
Let t(r) = -10*r**2 + 341*r - 329. What is t(33)?
34
Let k(u) = 86*u - 1021. Determine k(12).
11
Let x(y) = 12*y - 86. Give x(-4).
-134
Let d(s) = 3*s**2 - 22*s + 38. What is d(12)?
206
Let x(d) = 2*d**2 - 131*d + 304. What is x(63)?
-11
Let z(o) = 149*o**3 + o**2 - 4*o + 1. Give z(1).
147
Let f(z) = 2*z**2 - 88*z + 105. Calculate f(43).
19
Let r(i) = -i**3 + 32*i**2 - 32*i - 40. Calculate r(31).
-71
Let c(t) = 4*t**2 - 258*t - 159. Give c(65).
-29
Let a(u) = -53*u**3 - 2*u**2 + 31*u - 29. Determine a(1).
-53
Let k(s) = 32*s**2 - 7*s - 2. Determine k(-2).
140
Let k(h) = 17*h**3 + 7*h**2 + 3*h - 3. Determine k(-2).
-117
Let x(b) = -b**3 + 31*b**2 + 135*b + 173. Calculate x(35).
-2
Let t(d) = -d**3 + 42*d**2 + 239*d + 28. Calculate t(47).
216
Let i(j) = -7*j**3 + j**2 + 12*j + 5. Determine i(-3).
167
Let j(m) = -18*m**3 - 3*m**2 - 4*m - 7. Give j(-2).
133
Let s(d) = -d**3 + d**2 + 106*d + 51. What is s(11)?
7
Let q(r) = -20*r + 79. What is q(18)?
-281
Let y(c) = c**3 + 8*c**2 + 6*c - 67. Give y(5).
288
Let i(m) = 10*m**2 + 83*m - 93. Give i(-9).
-30
Let m(w) = w**3 + 28*w**2 + 57*w + 122. What is m(-26)?
-8
Let o(y) = -4*y**2 + 38*y - 1. Calculate o(9).
17
Let o(d) = -13*d**2 - 33*d - 9. Give o(-2).
5
Let q(k) = -129*k + 1155. Give q(9).
-6
Let d(f) = -21*f - 53. What is d(-24)?
451
Let m(w) = w**2 - 166*w - 4976. Give m(-26).
16
Let c(q) = -q**2 - 20*q - 20. Determine c(-10).
80
Let l(r) = -9*r**3 - 4*r**2 - 2*r - 3. Calculate l(-1).
4
Let p(i) = -10*i**2 + 420*i + 1349. Give p(45).
-1
Let i(s) = -7*s**3 - 5*s + 31. Determine i(3).
-173
Let w(l) = -160*l + 988. Calculate w(6).
28
Let r(l) = -3*l**2 + 956*l + 5826. Give r(-6).
-18
Let k(i) = -i**3 - 18*i**2 - 32*i - 132. Determine k(-15).
-327
Let l(g) = 17*g**2 - 18*g - 101. Calculate l(-2).
3
Let a(s) = 583*s + 12784. Determine a(-22).
-42
Let h(k) = 1632*k - 48973. Give h(30).
-13
Let m(f) = -f**3 - 3*f**2 + 375*f - 58. Give m(-21).
5
Let u(g) = 2*g**3 + 4*g**2 - 126*g - 628. Determine u(-5).
-148
Let m(g) = -g**3 + 25*g**2 - 128*g + 295. Calculate m(19).
29
Let n(q) = -q**2 - 144*q - 827. Calculate n(-6).
1
Let r(h) = -3*h**2 - 80*h - 256. Give r(-23).
-3
Let x(y) = y**3 - 42*y**2 - 274*y - 678. What is x(48)?
-6
Let f(a) = -1444*a + 12999. Give f(9).
3
Let j(k) = -k**2 - 383*k - 3370. What is j(-9)?
-4
Let y(x) = 721*x**2 - 2*x + 4. Determine y(1).
723
Let o(y) = y**2 - 41*y - 144. Calculate o(-5).
86
Let d(w) = 87*w**2 + 240*w - 239. Give d(1).
88
Let r(b) = -10*b**2 - 692*b - 136. Determine r(-69).
2
Let b(n) = 2*n**3 + 23*n**2 + 15*n + 45. Give b(-11).
1
Let y(d) = 2*d**2 + 206*d + 779. Determine y(-4).
-13
Let w(o) = -54*o + 680. Determine w(12).
32
Let w(q) = -q**3 - 2*q**2 + 10*q + 15. Determine w(-3).
-6
Let u(z) = z**3 - 14*z**2 + 30*z - 34. Calculate u(11).
-67
Let t(k) = -439*k + 1788. Calculate t(4).
32
Let p(a) = -119*a + 469. Give p(4).
-7
Let h(t) = 20*t + 291. Determine h(-13).
31
Let m(h) = -15477*h - 123816. Calculate m(-8).
0
Let r(n) = -135*n**2 + 6*n + 5. Determine r(-1).
-136
Let f(a) = 17*a**2 + 409*a - 11. Calculate f(-24).
-35
Let u(t) = -t**2 + 37*t - 15. What is u(0)?
-15
Let f(x) = x + 7. Calculate f(0).
7
Let m(u) = u**3 - 28*u**2 - 63*u + 88. What is m(30)?
-2
Let f(d) = -d**3 + 18*d**2 - 90*d + 95. Calculate f(10).
-5
Let s(n) = 36*n + 1114. Determine s(-31).
-2
Let q(o) = 2*o**2 - 111*o - 1402. Give q(-16).
886
Let y(v) = 3*v**2 + 32*v + 120. Determine y(-7).
43
Let d(b) = -1539*b - 26165. What is d(-17)?
-2
Let u(s) = 30*s + 40. What is u(20)?
640
Let b(o) = o**2 - 18*o - 262. Determine b(29).
57
Let m(f) = 93*f + 1112. Give m(-22).
-934
Let a(w) = -w**3 - 21*w**2 - 111*w - 10. Give a(-10).
0
Let i(l) = 24*l - 1115. Calculate i(47).
13
Let s(n) = 30*n**2 - 787*n + 193. Calculate s(26).
11
Let f(u) = 5*u**2 - 38*u + 198. Give f(7).
177
Let r(o) = o**2 + 40*o - 94. What is r(-39)?
-133
Let t(y) = -7*y**2 + 301*y + 302. Give t(-1).
-6
Let r(h) = -56*h**2 - 561*h - 51. Determine r(-10).
-41
Let s(g) = 284*g + 829. What is s(-3)?
-23
Let s(h) = -2*h**3 - 71*h**2 + 38*h + 102. Determine s(-36).
30
Let m(i) = 13*i + 230. Give m(-18).
-4
Let b(r) = 33*r + 2213. What is b(-67)?
2
Let g(i) = -36*i + 3410. Determine g(94).
26
Let c(w) = -3*w**3 + 247*w**2 - 324*w + 34. What is c(81)?
34
Let l(h) = 2*h**2 + 830*h + 5717. Calculate l(-7).
5
Let g(z) = z**2 - 428*z - 7097. What is g(-16)?
7
Let k(n) = 37*n + 149. What is k(-2)?
75
Let h(a) = 3*a**2 - 482*a + 2330. Give h(5).
-5
Let d(a) = -714*a - 7869. What is d(-11)?
-15
Let v(y) = -307*y + 10439. Calculate v(34).
1
Let p(r) = 2*r**2 - 15*r - 621. Calculate p(-15).
54
Let t(g) = -8009*g - 160176. Determine t(-20).
4
Let r(u) = 8*u**2 + u + 54. Determine r(6).
348
Let o(q) = 4*q**3 - 4*q**2 - 4*q - 2. Give o(-1).
-6
Let o(b) = b**3 + 29*b**2 - 2*b - 27. Give o(0).
-27
Let p(z) = -6*z + 66. What is p(3)?
48
Let r(m) = -m**2 + 2005*m + 22141. Give r(-11).
-35
Let x(m) = -6*m - 193. Calculate x(-30).
-13
Let y(c) = -3*c**2 - 461*c - 928. Determine y(-2).
-18
Let v(m) = -m**2 - 10*m + 82. Calculate v(11).
-149
Let g(a) = -a**2 + 62*a + 1849. What is g(-22)?
1
Let q(g) = -5*g - 301. Give q(-40).
-101
Let x(i) = i**3 + 5*i**2 - 17*i + 20. Determine x(-8).
-36
Let l(i) = -10*i**3 - 330*i**2 - 11*i - 37. What is l(-33)?
326
Let s(m) = m**2 + 6*m - 402. What is s(-22)?
-50
Let n(f) = 2*f**3 - 13*f**2 + 44*f + 97. Give n(4).
193
Let g(c) = 9*c + 54. Calculate g(-15).
-81
Let f(b) = 5*b**3 + 32*b**2 - 5*b + 4. Give f(-6).
106
Let l(s) = -s**2 - 141*s - 3013. Calculate l(-31).
397
Let z(x) = -175*x + 2040. What is z(10)?
290
Let l(h) = h**3 - 49*h**2 + 136*h + 98. Determine l(46).
6
Let y(d) = -1581*d**2 - 44267*d + 39. Give y(-28).
11
Let k(j) = j**3 - 101*j**2 + 196*j + 201. Give k(99).
3
Let u(m) = m**3 + 26*m**2 + 129*m + 67. Calculate u(-8).
187
Let m(x) = -30*x + 1872. Determine m(62).
12
Let n(a) = 1818*a + 16355. What is n(-9)?
-7
Let s(h) = h**3 + 26*h**2 - 16*h + 289. Determine s(-27).
-8
Let u(j) = -j**3 - 17*j**2 + 2*j + 29. What is u(-15)?
-451
Let w(n) = 141*n + 75. What is w(-5)?
-630
Let m(y) = 3*y**2 + 20*y - 85. Calculate m(6).
143
Let j(w) = 3*w**2 - 34*w - 17. Give j(11).
-28
Let i(m) = -10*m**2 - 101*m + 447. Determine i(5).
-308
Let t(u) = 30*u**2 - 345*u - 207. Determine t(12).
-27
Let o(h) = -64*h + 505. Give o(8).
-7
Let o(m) = 38*m - 208. Determine o(5).
-18
Let m(p) = -2*p**2 + 67*p - 597. Calculate m(18).
-39
Let z(h) = -23*h - 12. What is z(8)?
-196
Let q(g) = -4*g**3 + 496*g**2 - g + 112. Give q(124).
-12
Let s(l) = -l**3 - 4*l**2 - 7*l + 104. Give s(6).
-298
Let v(a) = -a**2 - 16*a - 31. Give v(-13).
8
Let k(a) = -1269*a + 1206. Give k(1).
-63
Let o(w) = -w**3 + 21*w**2 - 63*w - 288. Calculate o(16).
-16
Let p(o) = -9*o**2 + 42*o - 115. Give p(9).
-466
Let a(o) = 2*o**3 - 56*o**2 + 59*o - 222. Calculate a(27).
-87
Let o(s) = 7*s**2 - 7*s - 19. Calculate o(-4).
121
Let y(x) = -12*x**2 + 1166*x + 972. Determine y(98).
-8
Let y(s) = 325*s + 2505. What is y(-8)?
-95
Let j(n) = -54*n - 2387. Determine j(-43).
-65
Let g(o) = -2*o**2 - o + 41. What is g(4)?
5
Let h(r) = 3*r**2 - 368*r + 48. Determine h(0).
48
Let p(w) = 46*w**2 + 12*w + 102. What is p(-4)?
790
Let r(q) = -2*q**3 - 68*q**2 + 74*q + 104. Determine r(-35).
-36
Let h(m) = -42*m + 604. Determine h(14).
16
Let c(f) = -f**3 + 386*f**2 + 2353*f + 7. Calculate c(-6).
1
Let o(y) = -y**3 - 9*y**2 - y + 27. Give o(-9).
36
Let y(j) = 3*j**2 + 419*j + 8512. Calculate y(-115).
2
Let c(h) = 8*h**2 - 26*h - 283. Calculate c(8).
21
Let z(s) = -2*s**3 - 63*s**2 - 144*s + 49. Determine z(-29).
20
Let h(c) = 8*c**3 + 4*c**2 + 15*c + 19. What is h(-2)?
-59
Let t(h) = -2*h**2 + 81*h + 287. Determine t(44).
-21
Let l(s) = -21*s - 5174. Determine l(-246).
-8
Let q(p) = 2585*p + 15519. Determine q(-6).
9
Let t(b) = 1703*b - 91960. Determine t(54).
2
Let c(z) = -10*z**2 + 3494*z - 3496. Calculate c(1).
-12
Let w(t) = -2366*t - 21293. Give w(-9).
1
Let u(g) = -g**3 + 153*g**2 - 1160*g - 6.